 v(n). Let a(y) = 2*y - 4. Let r be a(3). What is the units digit of q(r)?
5
Suppose -3*z - 2*z + 130 = 0. What is the tens digit of z?
2
Suppose -4*n = -16, -14 = -d + n + 6. What is the tens digit of d?
2
Suppose 3*c - 13 = -40. Let d = -4 - c. What is the units digit of d?
5
Suppose 0 = -4*h + 5*d - d + 4, 0 = 4*d + 12. Let k be h + 2/(1 - 3). What is the units digit of 3/(-2)*10/k?
5
Let g = 81 + -19. Suppose f - 8 = 2*v, -v = 4*f + f - g. Suppose -6*t = -4*t - f. What is the units digit of t?
6
Let j be 1/(0 + -1 - 0). Let f be 0/(j*2/2). Suppose 0*c - 2*c + 10 = f. What is the units digit of c?
5
Suppose -5*r + 5 = -20. Let f(y) = -y**2 - 14*y - 1. Let i be f(-14). Let k = r + i. What is the units digit of k?
4
What is the units digit of (-4 - ((-3 - -1) + 2)) + 59?
5
Let a be (-40 - 0)/(5/(-10)). Suppose -a = -0*c - 5*c. What is the tens digit of c?
1
Let t = 6 + -1. Suppose t*h - 8 + 3 = 0. What is the units digit of h?
1
Let t = -12 + 2. Let s = t + 8. Let q(a) = a**2 - a - 2. What is the units digit of q(s)?
4
Let w(o) = -7*o. Let i(j) = -j**3 - 2*j**2 + 4*j + 2. Let u = -2 + -1. Let r be i(u). What is the units digit of w(r)?
7
Suppose -q - 3*q = 12. Let a = 3 - q. Suppose -3*h + a = -48. What is the units digit of h?
8
Let c be 4/(12/(-9)) - 0. Let x(m) = -m**3 + 3*m + 1. What is the units digit of x(c)?
9
Suppose -4*v = -14 + 2. Suppose -y - v*y = j - 77, 4*y + 3*j - 71 = 0. What is the tens digit of y?
2
Let z be (-2)/8 + (-39)/(-12). Suppose 2*n + 5*a = z*n - 9, -5*n = 5*a - 15. What is the units digit of n?
4
Suppose -101 = -3*a - 4*u, 89 + 4 = 4*a - 3*u. What is the units digit of a?
7
Let k = 9 + -5. Suppose k*o + 102 = -0*j - 2*j, -j = 5*o + 132. Let i = -12 - o. What is the units digit of i?
5
Let x(l) = -2*l**3 - 3*l - 2. Let g be (2 - 5) + (-1)/(-1). What is the tens digit of x(g)?
2
Suppose 0 = 6*t - 398 - 238. What is the units digit of t?
6
Let n = 0 + 5. Suppose -5*h = -4*b + 13, 4*b - b + h - n = 0. Suppose 0 = -b*k + 4*k - 4. What is the units digit of k?
2
Let q(a) = -a**3 - 10*a**2 + 9*a + 12. Let f be q(-11). Suppose s = 4*g - 68, 0*g - 3*g + f = -5*s. What is the tens digit of g?
1
Suppose 3*t = t + 6. What is the units digit of (-6)/(-2*t/6)?
6
Suppose 3*i + d = -4, -6*i + i = -3*d + 2. Let b be (-2)/4 + i/2. What is the units digit of (-4 + (-3)/(-3))/b?
3
Let c = -279 - -504. Suppose -h + 6*h = c. Suppose -5*g = 2*s - 35, -5*s + 0*g - 4*g = -h. What is the units digit of s?
5
Suppose 4*j + 33 = 3*d, 0 = 4*d + 2*j + 29 - 73. What is the tens digit of d?
1
Let i(s) = 22*s**2 + 3*s - 2. Suppose -3 = -0*u - 3*u. What is the units digit of i(u)?
3
Suppose -4*g = 5*j - 69, j + j + 3*g = 22. Let a = j + 2. What is the units digit of a?
9
Suppose -4 = 2*g - 12. What is the units digit of (-2)/g*(-40)/2?
0
Let y be 9/3*(-3)/3. Let x be (y - 1)*9/(-4). Suppose 3*k - 3 = x. What is the units digit of k?
4
Let q = -2 - -3. What is the units digit of 7*q/3*3?
7
What is the tens digit of (-2)/3 - 412/(-6)?
6
What is the tens digit of (-20)/6*(-36)/3?
4
Let c be (-2)/(-4)*(3 - 1). Suppose c = -5*l + 26. Suppose 3*t + l = 29. What is the units digit of t?
8
Let a(s) = -s**3 - 3*s**2 - s - 2. Let j be a(-2). Let b(f) = -f**2 - 7*f + 4. What is the units digit of b(j)?
6
Let x = -6 + -8. What is the units digit of (-119)/x - 2/4?
8
Let f(c) = c + 8. Let l be f(-8). Let x = l + 14. What is the tens digit of x?
1
Suppose 3*v = 7*v - 4, 5*u = 4*v + 11. Suppose u*x = -2*j + 38, 4*j - 2*j + 18 = x. Suppose -x - 26 = -5*y. What is the units digit of y?
8
Let b(t) = -t**3 - t**2 - 1. Let d(f) = f**3 + 18*f**2 + 17*f + 11. Let c(j) = 2*b(j) + d(j). What is the units digit of c(17)?
9
Suppose y = 6*y - 1230. What is the hundreds digit of y?
2
Let u(a) = 2*a**2 + 3*a + 1. What is the tens digit of u(4)?
4
Let g(r) = r**2 - r - 7. Let y be g(-9). Suppose y - 11 = 4*c. Suppose -3*t + c = -t. What is the units digit of t?
9
Let p(l) = 2*l**3 - 1. What is the units digit of p(1)?
1
Let v(o) = o**3 + 9*o**2 + 8*o + 9. What is the tens digit of v(-7)?
5
Let g(n) = n - 1. Let q be g(3). Suppose 0 = -q*c + 1 + 5. Suppose 0 = -c*b + b + 10. What is the units digit of b?
5
Suppose 4*v + 79 = -65. Let f = -17 - v. What is the tens digit of f?
1
Let c(p) = -p**3 + 20*p**2 + 7*p - 14. What is the hundreds digit of c(20)?
1
Suppose 0 = 5*n - 2*n. Suppose n = 2*j - 0*j - 8. What is the units digit of j?
4
Let b = -25 + 45. What is the units digit of b?
0
Let d = 27 + -27. Suppose -v = -2*f + 38, -f - 2*v + 0*v + 19 = d. What is the units digit of f?
9
Let g be 5/(-10) - 38/(-4). Suppose 0 = -k + 4, -4*k + g = 5*l - 42. Suppose 3*b + 3*x = 54, -b + l*x = 3*x - 8. What is the tens digit of b?
1
Suppose 2*g + 3*q - 2 = 3, -25 = -5*g + 5*q. Suppose 5*h + 0*h + 5*o = 60, -57 = -3*h + g*o. What is the units digit of h?
5
Let y(o) = 3*o**2 + 2*o + 1. Suppose -4*n - 3 - 1 = 0. Let m be y(n). Suppose -3*c = 5*k - 2*c - 23, m*k + 5*c = 23. What is the units digit of k?
4
Suppose -j + 58 = -5*y + y, -2*y = 8. What is the tens digit of j?
4
Let v(x) = -16*x - 2. Let k be v(-2). Suppose -k = -4*n - 10. What is the units digit of n?
5
Suppose w - 277 = -2*p, 6 = 2*w - 0. What is the hundreds digit of p?
1
What is the units digit of (-144)/2*3/(-6)?
6
Let i(n) = 4*n**2 - 1 - n**2 - 2*n**2 - 4*n. What is the units digit of i(5)?
4
Suppose 0 = 3*m + 2*m - 310. What is the tens digit of m?
6
Suppose 364 = -14*f + 21*f. What is the units digit of f?
2
Let w = -9 + 5. Let k be (w/(-6))/((-6)/9). What is the units digit of 2/k + (2 - -1)?
1
Let k be -1*(2 - 1) + 4. Suppose -2*u - 4 = -14. Suppose 2*g - u = -k. What is the units digit of g?
1
Suppose -5*z + 36 = -3*j + 9, -z = -j - 7. Let l(a) = -2 - z*a - 3 + a**2 + 2*a. What is the units digit of l(4)?
7
Let h = -9 - -12. What is the units digit of h?
3
Suppose 0 = -0*k + k - 12. Let c be 28/16 - 9/k. What is the tens digit of (-3 + (3 - c))*-13?
1
Let s be 4/(-10) + 172/(-20). Let x = -7 - s. What is the units digit of x?
2
Let z(h) be the first derivative of -h**2/2 - 1. Let s be z(-2). Suppose s - 8 = -2*r. What is the units digit of r?
3
Suppose r = -g + 3*g - 141, -4*g + 285 = -r. What is the tens digit of g?
7
Let i(t) = -2*t. Let l(y) = -3*y + 1. Let c(f) = -4*i(f) + 3*l(f). Let x be c(-3). What is the units digit of 6/4*16/x?
4
Suppose -2*l + 353 = 89. What is the hundreds digit of l?
1
Let s be 2/7 + 84/49. Suppose 18 = 5*f + c, -5*c = s*f - c. What is the units digit of f?
4
Suppose 0 = 2*c - 3*c + 5. Suppose -c*b - 7 + 22 = 0. Suppose 2*t - 10 = -2*s, -t + 0*s = -s - b. What is the units digit of t?
4
Let f(l) = 3*l + 21 - 10 - 4*l + 10. Let d be f(0). Suppose a = 4*v - 6, 0 = -4*a - 0*v + v + d. What is the units digit of a?
6
Suppose 0 = -5*w + 3*w - 2*g + 112, 4*w = -3*g + 222. What is the units digit of 140/18 - (-12)/w?
8
Let y(o) = 3*o**2 - o - 2. Suppose 5*f - 4*j - 22 = -7*j, 3*f + 5*j = 26. Let x be y(f). Let d = x + -6. What is the units digit of d?
2
Let f(p) = 21*p - 12. What is the tens digit of f(5)?
9
Suppose -k + 4*d + 13 = -0*k, k + 5 = -2*d. Let n(h) = -1 - 6*h + 4*h + 2 + 2*h**3. What is the units digit of n(k)?
1
Let p = -14 + 35. What is the tens digit of p?
2
Let l(t) = -t**3 + 4*t**2 + 7*t + 17. Let g(x) = -x**2 - x + 1. Let o(f) = -6*g(f) + l(f). What is the units digit of o(11)?
3
Let g(k) = -k + 34. What is the units digit of g(-15)?
9
Let n = -9 + 38. What is the units digit of n?
9
Let r(d) = -d**2 - 6*d - 1. Let j be r(-5). Suppose -c + 31 = 4*f, -4*c + j - 13 = -3*f. What is the units digit of f?
7
Let p be 4 - (-1 + 1/1). Suppose -2*n + p*d + 27 = 7*d, 5*n - 110 = d. What is the units digit of n?
1
Suppose -s - 6*j + 5*j + 6 = 0, 3 = -3*s + 4*j. What is the units digit of s?
3
Let j(l) be the third derivative of -l**6/60 - l**5/60 + l**4/24 + l**3/6 + 2*l**2. Let d be j(-1). What is the units digit of 1/((d - 3)/(-18))?
9
Let c = 141 + -47. What is the tens digit of c?
9
Let j(a) be the first derivative of a**2/2 + 3*a - 3. What is the units digit of j(7)?
0
Let y(v) = v + 2. Let c be y(4). Suppose 4*a - 14 - c = 0. Suppose -28 = -a*j + j. What is the units digit of j?
7
What is the units digit of 1/(-4) + (-306)/(-8)?
8
Suppose 0 = 3*w + 5*v - 3*v - 69, 5*w + 5*v = 120. Wha